{"id":3324,"date":"2022-09-21T23:29:15","date_gmt":"2022-09-21T21:29:15","guid":{"rendered":"https:\/\/btsneustadt-basketball.de\/?page_id=3324"},"modified":"2026-03-01T11:36:25","modified_gmt":"2026-03-01T10:36:25","slug":"downloads","status":"publish","type":"page","link":"https:\/\/btsneustadt-basketball.de\/?page_id=3324","title":{"rendered":"Downloads"},"content":{"rendered":"\n<p>Hier gibt es Formulare und andere Dokumente zum Download.<\/p>\n\n\n\n<p><a href=\"https:\/\/btsneustadt-basketball.de\/docs\/formulare\/Abrechnung%20Auslagen%20blanko.xlsx\">Formular<\/a> f\u00fcr Abrechnung von Auslagen (z. B. Schiedsrichter, Fahrtkosten)<\/p>\n\n\n\n<p><a href=\"https:\/\/btsneustadt-basketball.de\/docs\/aushaenge\/Schiedsrichtergeb\u00fchren_2025_26.pdf\" data-type=\"URL\" target=\"_blank\" rel=\"noreferrer noopener\">Fahrtkostentabelle<\/a> f\u00fcr den Bremen und Umgebung. Die Kreuztabelle wird von der Region Bremen des Nieders\u00e4chsischen Basketballverbandes bereitgestellt. Bei Kombinationen, die sich in der Kreuztabelle nicht finden lassen werden 30 Cent\/km angesetzt.<\/p>\n\n\n\n<p><a href=\"https:\/\/btsneustadt-basketball.de\/docs\/formulare\/Schiriquittung.pdf\" data-type=\"URL\" target=\"_blank\" rel=\"noreferrer noopener\">Schiedsrichterquittungen<\/a> Bei h\u00f6heren Ligen bringen die Schiedsrichter eine Abrechnung mit (NBV-Formular). F\u00fcr tiefere Ligen ist diese Quittung zu benutzen, wenn die bisherigen vor Ort schon aufgebraucht sein sollten. F\u00fcr Schiedsrichter ist es sinnvoll, ein paar Exemplare immer dabei zu haben, falls der Heimverein keine Quittungen bereitstellen kann. Das Formular enth\u00e4lt eine DIN-A4-Seite mit vier Quittungen \u00e0 A6. Man muss nur noch ausdrucken und zuschneiden.<\/p>\n\n\n\n<p><a href=\"https:\/\/www.basketball-bund.de\/wp-content\/uploads\/DBB_Spielberichtsblock_Minis_2020_ohne-Werfer.pdf\">Spielberichtsbogen f\u00fcr U10\/U12 (externer Link zum DBB).<\/a><\/p>\n\n\n\n<p><a href=\"https:\/\/www.basketball-bund.de\/dbb\/downloads\/?filter_type=all&#038;query=Regelfragen&#038;download_tag=19\">Regelfragenkatalog (externer Link zum DBB).<\/a><\/p>\n\nDie dortige Exceldatei enth\u00e4lt enth\u00e4lt zwei Bl\u00e4tter. Eines mit Regelfragen, das andere mit Kampfrichterfragen. Alle Fragen haben eine exakte Bezeichnung, wie z. B. K-12. Auf Grundlage dieser Daten habe ich Tests generiert, wie sie auf einem zukommen, wenn man an einem LSE- oder LSD-Lehrgang teilnimmt. 25 Fragen, 7 Fehler darf man sich erlauben. Die Begr\u00fcndungen, warum etwas wie beantwortet werden muss, finden sich in der Excel-Dateien. Die Testb\u00f6gen enthalten am Ende die L\u00f6sung und sind f\u00fcr den Selbsttest vorgesehen. Die L\u00f6sungen sollte man bei einem Selbsttest abdecken.\n\n<p><a href=\"https:\/\/btsneustadt-basketball.de\/docs\/schiedsrichter\/regelfragen.zip\" data-type=\"URL\" target=\"_blank\" rel=\"noreferrer noopener\">Regelfragen<\/a>\n\n<p><a href=\"https:\/\/btsneustadt-basketball.de\/docs\/schiedsrichter\/kampfrichterfragen.zip\" data-type=\"URL\" target=\"_blank\" rel=\"noreferrer noopener\">Kampfrichterfragen<\/a>\n\n\n","protected":false},"excerpt":{"rendered":"<p>Hier gibt es Formulare und andere Dokumente zum Download. Formular f\u00fcr Abrechnung von Auslagen (z. B. Schiedsrichter, Fahrtkosten) Fahrtkostentabelle f\u00fcr den Bremen und Umgebung. Die Kreuztabelle wird von der Region Bremen des Nieders\u00e4chsischen Basketballverbandes bereitgestellt. Bei Kombinationen, die sich in der Kreuztabelle nicht finden lassen werden 30 Cent\/km angesetzt. Schiedsrichterquittungen Bei h\u00f6heren Ligen bringen die [&hellip;]<\/p>\n","protected":false},"author":6,"featured_media":0,"parent":0,"menu_order":0,"comment_status":"closed","ping_status":"closed","template":"","meta":{"footnotes":""},"class_list":["post-3324","page","type-page","status-publish","hentry"],"_links":{"self":[{"href":"https:\/\/btsneustadt-basketball.de\/index.php?rest_route=\/wp\/v2\/pages\/3324","targetHints":{"allow":["GET"]}}],"collection":[{"href":"https:\/\/btsneustadt-basketball.de\/index.php?rest_route=\/wp\/v2\/pages"}],"about":[{"href":"https:\/\/btsneustadt-basketball.de\/index.php?rest_route=\/wp\/v2\/types\/page"}],"author":[{"embeddable":true,"href":"https:\/\/btsneustadt-basketball.de\/index.php?rest_route=\/wp\/v2\/users\/6"}],"replies":[{"embeddable":true,"href":"https:\/\/btsneustadt-basketball.de\/index.php?rest_route=%2Fwp%2Fv2%2Fcomments&post=3324"}],"version-history":[{"count":14,"href":"https:\/\/btsneustadt-basketball.de\/index.php?rest_route=\/wp\/v2\/pages\/3324\/revisions"}],"predecessor-version":[{"id":3573,"href":"https:\/\/btsneustadt-basketball.de\/index.php?rest_route=\/wp\/v2\/pages\/3324\/revisions\/3573"}],"wp:attachment":[{"href":"https:\/\/btsneustadt-basketball.de\/index.php?rest_route=%2Fwp%2Fv2%2Fmedia&parent=3324"}],"curies":[{"name":"wp","href":"https:\/\/api.w.org\/{rel}","templated":true}]}}