{"id":3262,"date":"2022-09-13T22:51:27","date_gmt":"2022-09-13T20:51:27","guid":{"rendered":"https:\/\/btsneustadt-basketball.de\/?page_id=3262"},"modified":"2025-10-31T10:32:00","modified_gmt":"2025-10-31T09:32:00","slug":"u16m-i-weser-baskets","status":"publish","type":"page","link":"https:\/\/btsneustadt-basketball.de\/?page_id=3262","title":{"rendered":"U16m I"},"content":{"rendered":"\n<p>Sehr mehr als f\u00fcnf Jahren ist BTS Neustadt mit einer leistungsorientierten U16 in der Landesliga aktiv. Die aktuellen U16-Jahrg\u00e4nge sind <strong>2010<\/strong> und <strong>2011<\/strong>.<\/p>\n\n\n\n<p><strong>Trainer\/Ansprechpartner<\/strong><\/p>\n\n\n\n<p>Dejan Stojanovski<br>Tel: +49 172 418 85 87<br>E-Mail:&nbsp;<a href=\"mailto:dejan@basketball-akademie-bremen-sued.de\">dejan@basketball-akademie-bremen-sued.de<\/a><\/p>\n\n\n\n<p><strong>Trainingszeiten<\/strong><\/p>\n\n\n\n<p>Dienstag 17:30 -19:00, Erlenstra\u00dfe 85a (Sommer)<\/p>\n\n\n\n<p>Mittwoch 17:30 &#8211; 19:30 Volkmannstra\u00dfe 12a (Winter)<\/p>\n\n\n\n<p>Donnerstag 17:30- 19:00 Erlenstra\u00dfe 85a<\/p>\n\n\n\n<p>(Winter bedeutet: ab Anfang November bis Ende M\u00e4rz. Bitte mit Trainer absprechen.)<\/p>\n\n\n\n<div id=\"widget_1663099677355\"><\/div>\n\t<script>\n\t\twidget.mannschaftswidget('widget_1663099677355', \n\t\t\t{\"iframeWidth\":500,\"iframeHeight\":700,\"showRefreshButton\":true,\"titleColor\":\"FFFFFF\",\"titleBgColor\":\"F39402\",\"tapColor\":\"FFFFFF\",\"tapBgColor\":\"333333\",\"colorMatchGroup\":\"666666\",\"bgColorMatchGroup\":\"F0F0F0\",\"colorMatchListItem\":\"000000\",\"bgColorMatchListItem\":\"FFFFFF\",\"showKuerzelInSpiele\":false,\"mannschaftsId\":\"168949\"});\n\t<\/script>\n\n\n\n<figure class=\"wp-block-image\"><a href=\"https:\/\/www.basketball-akademie-bremen-sued.de\"><img loading=\"lazy\" decoding=\"async\" width=\"150\" height=\"150\" src=\"https:\/\/btsneustadt-basketball.de\/wp-content\/uploads\/2017\/08\/BABS-150x150.gif\" alt=\"\" class=\"wp-image-2755\"\/><\/a><figcaption class=\"wp-element-caption\">In Kooperation mit der Basketballakademie Bremen&#8211;S\u00fcd<\/figcaption><\/figure>\n\n\n\n<p><\/p>\n","protected":false},"excerpt":{"rendered":"<p>Sehr mehr als f\u00fcnf Jahren ist BTS Neustadt mit einer leistungsorientierten U16 in der Landesliga aktiv. Die aktuellen U16-Jahrg\u00e4nge sind 2010 und 2011. Trainer\/Ansprechpartner Dejan StojanovskiTel: +49 172 418 85 87E-Mail:&nbsp;dejan@basketball-akademie-bremen-sued.de Trainingszeiten Dienstag 17:30 -19:00, Erlenstra\u00dfe 85a (Sommer) Mittwoch 17:30 &#8211; 19:30 Volkmannstra\u00dfe 12a (Winter) Donnerstag 17:30- 19:00 Erlenstra\u00dfe 85a (Winter bedeutet: ab Anfang November [&hellip;]<\/p>\n","protected":false},"author":6,"featured_media":0,"parent":0,"menu_order":0,"comment_status":"closed","ping_status":"closed","template":"","meta":{"footnotes":""},"class_list":["post-3262","page","type-page","status-publish","hentry"],"_links":{"self":[{"href":"https:\/\/btsneustadt-basketball.de\/index.php?rest_route=\/wp\/v2\/pages\/3262","targetHints":{"allow":["GET"]}}],"collection":[{"href":"https:\/\/btsneustadt-basketball.de\/index.php?rest_route=\/wp\/v2\/pages"}],"about":[{"href":"https:\/\/btsneustadt-basketball.de\/index.php?rest_route=\/wp\/v2\/types\/page"}],"author":[{"embeddable":true,"href":"https:\/\/btsneustadt-basketball.de\/index.php?rest_route=\/wp\/v2\/users\/6"}],"replies":[{"embeddable":true,"href":"https:\/\/btsneustadt-basketball.de\/index.php?rest_route=%2Fwp%2Fv2%2Fcomments&post=3262"}],"version-history":[{"count":8,"href":"https:\/\/btsneustadt-basketball.de\/index.php?rest_route=\/wp\/v2\/pages\/3262\/revisions"}],"predecessor-version":[{"id":3539,"href":"https:\/\/btsneustadt-basketball.de\/index.php?rest_route=\/wp\/v2\/pages\/3262\/revisions\/3539"}],"wp:attachment":[{"href":"https:\/\/btsneustadt-basketball.de\/index.php?rest_route=%2Fwp%2Fv2%2Fmedia&parent=3262"}],"curies":[{"name":"wp","href":"https:\/\/api.w.org\/{rel}","templated":true}]}}